late (5 - 19 - -5) + 4 + 0 + -3.
-8
Calculate 1 + -26 + (0 - -13).
-12
What is -1 - (-4 + 18 + -25)?
10
9 - (-1 + (-14 - (8 - 15)) - -1)
16
Evaluate 25 - (3 + 56) - -24.
-10
What is (22 - 30) + -3 + 15?
4
1 + (13 - 9 - -5) + -9
1
3 + -10 + -7 + 16
2
Calculate 9 + (8 - (6 - -2)) + -21.
-12
Calculate 15 + (-21 - 1 - -17).
10
What is 10 + (-24 - -11) + 7?
4
Calculate -13 - (-22 - (-18 - -2)).
-7
What is the value of 13 - (-31 - (-32 - -13))?
25
Calculate 18 + (-34 - -25 - 24).
-15
What is (12 - (34 + -21)) + 22?
21
What is (2 - 26) + 13 + -8 + (5 - 6)?
-20
What is the value of 1 + 1 + (-1 - 7) - 3?
-9
What is the value of -9 + 8 + (-10 + 4 - 8)?
-15
Evaluate (-19 - (32 + -32)) + -5.
-24
Evaluate -23 - -24 - -13 - (-8 + 25).
-3
Evaluate (1 - -1) + (7 - 7 - 1).
1
What is the value of 16 - 5 - (20 + (-1 - -7) + -13)?
-2
Calculate -38 - (-101 + 49) - (-13 - 0).
27
Calculate 4 + -2 + (-43 - -37) - (-2 + 6).
-8
What is the value of (-14 + 3 + 7 - -7) + -4?
-1
-11 + (11 - (-2 - -5)) - -22
19
What is the value of 3 + -10 + 9 + (-2 - 4) + -16?
-20
Calculate (72 - 59) + (0 - 9).
4
Calculate -28 + -28 + 64 + (0 - -6).
14
What is 29 - 1 - ((40 - 11) + -20)?
19
Calculate (18 - 0 - -4) + (-18 - -8).
12
What is the value of -2 - (18 + -10 - 15 - 5)?
10
What is (-3 - -9) + 20 + -18?
8
Calculate 0 + (10 + 2 - 11) + -3.
-2
Calculate -6 + 21 + (-7 - -10 - 7) + 12.
23
What is 9 + 12 + -29 - (0 + -12)?
4
Evaluate (2 - (2 + 0)) + 8 - (143 - 135).
0
What is (25 - 8) + (-42 - -10)?
-15
12 + (0 - 15) - 7
-10
What is -18 - (4 + -21 + 12 + -5)?
-8
What is 0 + (-1 - 9) - (-136 + 120)?
6
What is the value of 3 - (-6 + 6 + 25 - 6) - -2?
-14
Evaluate 2 - ((1 - 1) + 4 - (1 - -4)).
3
Calculate (-13 - -10) + 1 + 0 - (-25 + 28).
-5
5 - 0 - (22 + -11 - -16 - 8)
-14
What is 26 - (-29 + 26 + (16 - -2))?
11
What is -5 + -1 + (46 - 22)?
18
What is the value of (17 - 0) + 398 + -437?
-22
36 + -39 - (-14 - -10)
1
Evaluate 1 + (-6 - (5 + 15)) + 32 + -22.
-15
Evaluate -24 - ((14 - -21) + -39).
-20
(-32 - -17 - -5 - -10) + -1
-1
What is the value of (22 - 17) + -6 - -5?
4
(2 + 0 - -19) + -9 + 16
28
What is the value of (-8 - -10) + 8 + (6 - 9)?
7
Calculate (-8 - -16) + -21 - -9.
-4
3 + -5 + (5 + -10 - -11) - 1
3
(-1 - (-1 - (5 + -6 - 1))) + 17
15
What is the value of -7 + -145 + 131 + 1 + 30?
10
What is the value of 4 + (-6 - (-41 - -24))?
15
(-6 - 11) + 12 + (5 - 5)
-5
What is the value of -7 + -3 - (108 - 115)?
-3
What is the value of 3 - (47 + -21) - -39?
16
Evaluate -16 - (3 - 2 - (18 + -9)).
-8
What is the value of (274 - 266) + 6 + (1 - -1) + 9?
25
What is the value of 13 + -36 - -37 - -24?
38
-3 - 0 - (-5 + (6 - 11 - -4))
3
Evaluate 1 + -4 + (5 - 6) + (-5 - -4).
-5
Calculate (-3 + 6 - (4 + 4)) + 2.
-3
What is (-10 - (24 + -17)) + 8?
-9
Evaluate 0 + (1 + 0 - 0) - (7229 - 7224).
-4
Evaluate -14 + (28 - (1 - 2 - -12)).
3
-5 + -10 + 21 + -5 + (-1 - 7)
-7
What is -29 + 21 + 1 + 0 + 17?
10
What is -5 + -10 + 3 + -1 + 5 + 1?
-7
What is 0 + 0 - (5 + -15 + -13 + 7)?
16
8 - (-21 + 9 - -11) - (2 + 27)
-20
Evaluate 1 - ((-8 - -3) + 1) - (0 - -3).
2
Evaluate -3 - (-1 + -15) - (-9 - -15).
7
What is 11 + 2 + -2 + (-34 - -33)?
10
Calculate 0 + 12 + 5 + -12 + -2 - 20.
-17
What is (17 - 9) + 1 + 6 + -2 + 1?
14
Evaluate -8 - -13 - (-6 + 23).
-12
What is 6 - ((11 - 5) + 4 + -4 - -8)?
-8
-9 + 19 + (-8 - 1)
1
Evaluate -17 + 1 - (-11 + 13).
-18
-19 - 0 - ((-12 - (-13 - -2)) + 2)
-20
What is the value of 1 + 3 + (-3 - (-8 + 5 - 6))?
10
What is 46 + (50 - 98) + -1 + 2 + -1?
-2
What is the value of (7 + (6 - 6) - 16 - -44) + -7?
28
Evaluate -8 - (-1 + -5 + 16 + -14).
-4
What is -9 - (9 - (6 - -4)) - (-1 + -21)?
14
Evaluate 17 + (16 - 18) + -31.
-16
What is the value of (-16 - -11) + (-22 - -12) - (-7 - 1)?
-7
-17 - (1 - 1 - (-19 - (-6 + -20)))
-10
Calculate -56 + 68 - (15 - 3).
0
10 + (-9 - -4) + 4 + -7 + 1
3
What is 0 + 1 + 3 + -18 + (-26 - -32)?
-8
What is the value of -6 - -25 - 12 - 6?
1
Evaluate -14 + 37 + -16 + -3.
4
Evaluate -9 + 13 + 3 + 8.
15
Evaluate -14 + 10 + 1 + -9 - 4.
-16
Calculate (-7 + 3 - -13) + -1.
8
Evaluate 12 + -6 + -3 + 12.
15
Evaluate 11 - -8 - (-51 - -48).
22
Evaluate -3 + (-5 + 15 - -15) - 4.
18
Evaluate 4 + 5 - (-22 - -37).
-6
-6 - (9 - 12 - -5 - 21)
13
-11 - -34 - (-6 - -19)
10
4 + -28 + 24 + -18
-18
-2 - (-16 - -14 - -10)
-10
18 - (2 + (6 - (-9 + 17))) - -7
25
What is the value of -8 - (-19 - (-9 - -6))?
8
-1 - -10 - -2 - (-584 - -607)
-12
What is -29 + 0 + 5 + (-12 - -22)?
-14
What is -6 - (4 - 6 - (4 - 5) - 6)?
1
(102 + -111 - (-2 + 2)) + 14
5
Evaluate -41 - -27 - ((2 + -2 - 4) + -2).
-8
What is -95 + 106 - (4 + -1 + 35)?
-27
127 + -110 + 1 + -9 - 4
5
11 + -17 - (6 - 0) - -27
15
Evaluate -9 - -1 - (-8 - -24 - (11 - -1)).
-12
What is 22 + 6 + -15 + -17 + 15?
11
What is -6 + (2 - (1 - -9)) - 5?
-19
What is the value of (13 - -4) + 6 + -20 - (-2 - -5)?
0
What is (30 + -38 - (-11 - -1)) + (19 - 3)?
18
What is the value of -21 - (-20 + 13 + 5)?
-19
-1 + -10 + 2 - -5 - -24
20
What is the value of (-8 - 2) + (-2 - 2) + (-81 - -76)?
-19
Evaluate 2 + (29 + -28 - -21).
24
What is (12 - 3) + -4 + -1 + 1 + 9?
14
(-9 + 7 - -18) + -5
11
What is the value of -1 + 16 + -6 - (7 + -7)?
9
What is the value of (7 + -34 - -31) + 27?
31
What is 5 + 24 + -24 - 1?
4
Evaluate (0 - -3) + 2 + -14 + (-4 - -12).
-1
What is 6 + (-73 - -64 - ((-2 - -2) + 7))?
-10
1 + 1 + (7 - (10 - -5)) + -3
-9
What is 16 - (-13 - ((-9 - -14) + -21))?
13
-18 - (-17 + (-8 - -21))
-14
Calculate -22 - (0 - 5) - (12 + -41).
12
What is the value of (0 - 14 - -33) + -28 - -47?
38
Evaluate -7 + 9 + 4 + (12 - -1).
19
What is -9 + 6 - (14 + -24)?
7
-27 + (7 + -19 - (-12 + -3))
-24
Calculate (-41 - -31) + 13 + (0 - -2).
5
What is -6 + 5 + -1 - 11?
-13
What is 5 + -59 + 38 + -20 + 4?
-32
Evaluate 10 + -13 - -19 - 7.
9
Evaluate 27 + (1 - (18 + -9 + 0)).
19
Evaluate 5 - (9 - 8) - (-7 - -18).
-7
Evaluate 0 - -1 - ((2 - (15 - 21)) + 15).
-22
-19 + 25 + (6 - 0) + -30
-18
What is the value of 9 + 2 + -7 + -10?
-6
Evaluate (-83 - -77) + (1 - 17).
-22
What is the value of -20 + 3 + 1 + -1 + -7 + 4?
-20
What is 53 + -32 - (-4 - -38)?
-13
(-1741 - -1727) + (-1 - 2)
-17
Calculate -15 + 3 + 5 - (-11 - 0 - -7).
-3
What is the value of 0 - (8 - (-4 + 3)) - -10 - -7?
8
What is 47 + (-30 - -11) + -19?
9
7 + (-2 - 8) + (-9 - -20)
8
Calculate 63 - (-10 + 36) - 23.
14
Calculate 5 + -24 - -4 - -29 - 35.
-21
Evaluate 16 + 1 - (46 - 17).
-12
(0 - 8) + 14 - -2 - 13
-5
What is -3 + ((-18 - -7) + (3 - 5) - -6)?
-10
8 + (7 + 1 - 8) + -6 + -10
-8
Evaluate 9 + -4 + -10 + 0 - (1 + -1).
-5
Evaluate 19 - ((-4 - -5) + 5).
13
Evaluate (-6 - 0) + -3 - (1 - 6).
-4
(518 - 531) + -3 + -1
-17
Calculate (-23 - 0) + 0 + -1 - (-2624 - -2628).
-28
-822 + 797 - (0 - 8)
-17
2 - -5 - (-140 + 143 + (0 - -17))
-13
What is the value of -10 + (-12 - (-22 - 3))?
3
What is 14 - 7 - (2 + 2)?
3
Evaluate -206 + 203 + (1 - 9).
-11
Evaluate (-22 - -14) + -8 + 5.
-11
What is 8 + (16 + -18 - -6)?
12
17 + 13 + -14 + -22
-6
-1 - -4 - -16 - 25
-6
What is the value of (-11 - 2) + (10 - -9)?
6
What is the value of (16 - -15) + (67 - 67)?
31
0 + -9 + 142 + -147 + 4
-10
What is 0 + 1 + -29 + (-146 - (-245 - -87))?
-16
Evaluate -22 + (-29 - (-42 + 15)).
-24
(-34 - -4) + 57 + -24 + -21
-18
Calculate -1 + -5 - (0 + -10) - 16.
-12
32 - (-5 + (28 + -25 - (1 + -5)))
30
0 + (5 - 32) + 8
-19
What is -3 - (54 + -3 - (-7 - -24))?
-37
Evaluate (-41 - -2) + -5 + 78.
34
What is the value of 15 - (53 - (-21 - -9 - -26))?
-24
Evaluate -53 + 66 - (1 - 0).
12
Calculate 4 - 3 - (105 + -107).
3
Calculate -5 - 5 - (12 - 2 - 13).
-7
What is 0 + -11 + (-19 - -18)?
-12
-8 - -2 - -6 - 14 - -6
-8
What is -6 + -2 + 7 + -4 + 22?
17
Evaluate 6 + 0 - (-131 + 142).
-5
Calculate 8 - 8 - (15 - -1 - (8 + -5)).
-13
What is -2 + -6 + 10 + (-4 - 0)?
-2
What is the value of (-2 - -1) + 4 + -2 + 301 + -290?
12
Evaluate -4 + 3 - (31 + -37).
5
Calculate (-2 - (-5 + 6)) + (-3 - -4) + -15.
-17
Calculate (1 - -3) + -7 + -2.
-5
Evaluate 12 + -10 - (1 + (-6 - 4)).
11
(827 - 803) + 3 + (-1 - -1 - -3)
30
-11 - (-3 + 2 + (8 - 9) + -5)
-4
What is -9 + 2 + 22 + -28 + 8?
-5
Calculate (-3 - (4 + -5 + 6)) + (41 - 60).
-27
Calculate 37 + 6 + -24 + -3.
16
What is the value of 11 + -3 - (-134 - -153)?
-11
(-18 - -10 - (0 + -18)) + (4 - -1)
15
What is